1 (base 2) to base 4
-23
Convert 3 (base 15) to base 11.
3
What is -6 (base 13) in base 14?
-6
What is -152 (base 7) in base 15?
-5b
What is 34 (base 14) in base 11?
42
Convert 110 (base 5) to base 7.
42
Convert 117 (base 8) to base 9.
87
Convert 0 (base 7) to base 9.
0
What is -3 (base 7) in base 4?
-3
1 (base 3) to base 5
1
-144 (base 10) to base 4
-2100
Convert 34 (base 8) to base 12.
24
4 (base 12) to base 8
4
3 (base 11) to base 10
3
12 (base 15) to base 11
16
-15 (base 16) to base 11
-1a
Convert 13 (base 11) to base 6.
22
Convert -1 (base 16) to base 8.
-1
Convert -24 (base 6) to base 15.
-11
What is -c (base 13) in base 15?
-c
-12 (base 14) to base 7
-22
What is -2 (base 12) in base 15?
-2
Convert 128 (base 16) to base 2.
100101000
What is 32 (base 15) in base 13?
38
What is 112 (base 6) in base 15?
2e
272 (base 8) to base 4
2322
What is -3 (base 8) in base 5?
-3
What is -8 (base 9) in base 4?
-20
Convert -5 (base 7) to base 3.
-12
-21 (base 7) to base 2
-1111
Convert a (base 13) to base 4.
22
Convert -8 (base 14) to base 7.
-11
What is -123 (base 7) in base 3?
-2110
Convert -f (base 16) to base 2.
-1111
What is 1300 (base 4) in base 15?
77
Convert 6 (base 10) to base 6.
10
What is 10 (base 2) in base 15?
2
Convert -d (base 16) to base 15.
-d
What is 24 (base 5) in base 14?
10
What is 4 (base 10) in base 8?
4
24 (base 9) to base 8
26
-6 (base 12) to base 7
-6
11101 (base 2) to base 14
21
What is -5 (base 12) in base 9?
-5
-5 (base 15) to base 2
-101
Convert 14 (base 11) to base 12.
13
3 (base 14) to base 8
3
What is -e3 (base 15) in base 13?
-135
What is -100 (base 8) in base 10?
-64
Convert 1 (base 10) to base 15.
1
What is 4 (base 8) in base 2?
100
What is 31 (base 12) in base 11?
34
Convert 1220 (base 5) to base 6.
505
Convert 130 (base 8) to base 10.
88
18 (base 9) to base 10
17
148 (base 13) to base 9
274
Convert -41 (base 16) to base 15.
-45
42 (base 13) to base 3
2000
-20 (base 15) to base 3
-1010
Convert 10 (base 8) to base 6.
12
-98 (base 16) to base 3
-12122
What is -2 (base 6) in base 15?
-2
-2 (base 12) to base 13
-2
What is -b (base 15) in base 10?
-11
Convert 0 (base 6) to base 4.
0
What is -32 (base 7) in base 8?
-27
What is 0 (base 9) in base 3?
0
What is 10 (base 6) in base 12?
6
What is -2 (base 11) in base 5?
-2
-6 (base 12) to base 13
-6
2 (base 10) to base 11
2
-27 (base 12) to base 14
-23
Convert 10 (base 4) to base 6.
4
Convert -3 (base 12) to base 16.
-3
Convert 1 (base 7) to base 10.
1
Convert -111 (base 4) to base 16.
-15
8 (base 15) to base 2
1000
Convert -1 (base 16) to base 7.
-1
What is 33 (base 4) in base 2?
1111
-4 (base 6) to base 9
-4
-8 (base 9) to base 8
-10
12 (base 4) to base 11
6
What is 10022 (base 3) in base 16?
59
Convert -15 (base 10) to base 11.
-14
Convert 112 (base 6) to base 12.
38
What is 0 (base 4) in base 2?
0
What is 2 (base 8) in base 11?
2
Convert -50 (base 15) to base 7.
-135
What is 2 (base 10) in base 6?
2
What is -103 (base 6) in base 16?
-27
da (base 16) to base 12
162
Convert 51 (base 7) to base 10.
36
What is 1221 (base 3) in base 5?
202
Convert -10d (base 14) to base 8.
-321
What is -1100001 (base 2) in base 6?
-241
Convert 2a (base 16) to base 11.
39
-30 (base 12) to base 2
-100100
Convert -12112 (base 3) to base 2.
-10010101
32 (base 4) to base 3
112
Convert -6 (base 10) to base 13.
-6
Convert -35 (base 9) to base 10.
-32
-59 (base 10) to base 16
-3b
What is 14 (base 12) in base 13?
13
What is 260 (base 8) in base 4?
2300
-6 (base 10) to base 15
-6
2 (base 9) to base 8
2
What is -62 (base 15) in base 14?
-68
What is 31 (base 8) in base 15?
1a
-10010 (base 2) to base 6
-30
What is 11 (base 5) in base 12?
6
What is 6 (base 15) in base 7?
6
c (base 15) to base 6
20
Convert 2 (base 10) to base 9.
2
What is -1 (base 12) in base 14?
-1
-31 (base 11) to base 4
-202
What is -1000 (base 2) in base 6?
-12
Convert 0 (base 9) to base 12.
0
3 (base 7) to base 11
3
Convert -1122 (base 3) to base 8.
-54
-112 (base 4) to base 7
-31
Convert 39 (base 14) to base 13.
3c
11 (base 3) to base 14
4
Convert -24 (base 11) to base 13.
-20
2d (base 15) to base 12
37
Convert -4 (base 6) to base 15.
-4
What is -20 (base 12) in base 11?
-22
a3 (base 13) to base 8
205
Convert 1 (base 9) to base 8.
1
What is 14c (base 13) in base 6?
1025
Convert -46 (base 14) to base 9.
-68
-1a3 (base 11) to base 6
-1030
Convert 4 (base 8) to base 3.
11
What is 9 (base 12) in base 16?
9
What is 1 (base 4) in base 14?
1
-3b (base 16) to base 7
-113
Convert 1 (base 10) to base 14.
1
Convert 135 (base 11) to base 5.
1114
Convert 31 (base 7) to base 6.
34
Convert -14 (base 13) to base 11.
-16
Convert 14 (base 12) to base 13.
13
13 (base 5) to base 12
8
3 (base 15) to base 2
11
Convert 1101101 (base 2) to base 16.
6d
Convert -54 (base 10) to base 16.
-36
Convert 2 (base 5) to base 3.
2
Convert 2 (base 4) to base 9.
2
What is -10 (base 6) in base 16?
-6
Convert -36 (base 10) to base 2.
-100100
-120 (base 8) to base 7
-143
Convert 2 (base 16) to base 15.
2
Convert -1 (base 4) to base 3.
-1
What is 3 (base 8) in base 11?
3
Convert 1 (base 4) to base 16.
1
What is 19 (base 12) in base 2?
10101
What is 1 (base 9) in base 10?
1
What is 3 (base 8) in base 11?
3
10 (base 7) to base 3
21
100 (base 4) to base 16
10
What is 1b (base 13) in base 4?
120
-29 (base 14) to base 12
-31
What is -33 (base 10) in base 16?
-21
Convert -21 (base 6) to base 16.
-d
-13 (base 4) to base 3
-21
Convert -44 (base 6) to base 4.
-130
What is -1033 (base 4) in base 7?
-142
6 (base 7) to base 3
20
-d (base 16) to base 13
-10
Convert 121 (base 6) to base 16.
31
-222 (base 4) to base 3
-1120
What is -32 (base 8) in base 16?
-1a
Convert 0 (base 2) to base 13.
0
What is 235 (base 10) in base 15?
10a
1 (base 16) to base 6
1
What is 8 (base 13) in base 10?
8
What is 0 (base 6) in base 4?
0
What is 6 (base 7) in base 2?
110
Convert -4 (base 8) to base 11.
-4
What is 63 (base 14) in base 13?
69
Convert 0 (base 7) to base 8.
0
119 (base 10) to base 6
315
0 (base 4) to base 9
0
What is a4 (base 15) in base 5?
1104
What is -15 (base 6) in base 5?
-21
Convert 4 (base 11) to base 8.
4
Convert -4 (base 5) to base 4.
-10
Convert 120 (base 3) to base 9.
16
Convert 101 (base 2) to base 11.
5
Convert 5 (base 6) to base 12.
5
Convert -2 (base 10) to base 16.
-2
What is -202 (base 3) in base 9?
-22
What is 2 (base 7) in base 12?
2
Convert -12020 (base 3) to base 8.
-215
-1 (base 12) to base 10
-1
Convert -26 (base 9) to base 8.
-30
-2 (base 16) to base 2
-10
Convert -5 (base 16) to base 2.
-101
1 (base 16) to base 15
1
What is 3 (base 13) in base 12?
3
What is -18 (base 15) in base 11?
-21
What is -31 (base 12) in base 7?
-52
4 (base 13) to base 11
4
What is 3 (base 16) in base 10?
3
Convert c (base 14) to base 15.
c
-1d (base 15) to base 5
-103
What is -37 (base 8) in base 14?
-23
0 (base 7) to base 2
0
-7 (base 9) to base 12
-7
What is 2 (base 13) in base 7?
2
What is -2212 (base 3) in base 9?
-85
Convert -21 (base 5) to base 4.
-23
-68 (base 15) to base 4
-1202
What is -4 (base 10) in base 13?
-4
What is -7 (base 9) in base 7?
-10
0 (base 10) to base 4
0
12 (base 8) to base 14
a
Convert -4 (base 11) to base 9.
-4
Convert -85 (base 11) to base 16.
-5d
Convert -10 (base 3) to base 4.
-3
11011 (base 2) to base 10
27
Convert 2 (base 10) to base 3.
2
What is 1122 (base 3) in base 15?
2e
1111 (base 4) to base 14
61
-10 (base 7) to base 12
-7
What is a (base 13) in base 8?
12
112 (base 5) to base 2
100000
332 (base 5) to base 15
62
-8 (base 15) to base 14
-8
What is -12 (base 16) in base 3?
-200
Convert -12 (base 7) to base 12.
-9
What is 0 (base 10) in base 13?
0
9d (base 15) to base 16
94
What is 31 (base 5) in base 9?
17
Convert 230 (base 5) to base 12.
55
Convert -1 (base 3) to base 8.
-1
144 (base 7) to base 11
74
What is -1 (base 14) in base 3?
-1
What is 331 (base 4) in base 5?
221
Convert 3 (base 14) to base 13.
3
What is 11 (base 5) in base 8?
6
-72 (base 12) to base 7
-152
Convert 2 (base 13) to base 8.
2
What is 30 (base 11) in base 15?
23
Convert 1133 (base 5) to base 16.
a8
What is -221 (base 4) in base 12?
-35
14 (base 10) to base 2
1110
170 (base 11) to base 7
402
Convert -3 (base 6) to base 13.
-3
What is -10110 (base 2) in base 6?
-34
-210 (base 8) to base 7
-2